he units digit of z?
4
Let c be 4 - (11 + -6) - (-5 + -1). Let p = 22 - 46. Let x = c - p. What is the tens digit of x?
2
Let f(t) = -9 + 12 - 6 + 3*t - 2*t**3. What is the units digit of f(-3)?
2
Let j = 46 - 70. Let x be 2*(78/4 + 2). Let o = j + x. What is the tens digit of o?
1
Let c(z) = 8*z - 22. Let t be c(3). Suppose 0 = l - 5*l - 28. What is the tens digit of 7/(l/(-8))*t?
1
Suppose -5*v + v = -68. Let o = v + -16. What is the tens digit of o - 4/(8/(-70))?
3
Let z(r) be the first derivative of -r**4/4 - 19*r**3/3 + 13*r**2/2 + 20*r + 21. What is the tens digit of z(-20)?
6
Let f = -9 - -10. Let t = -55 - f. Let d = -15 - t. What is the tens digit of d?
4
Let y(d) = 146*d**3 - d**2 + 5*d - 4. Let l be y(1). Suppose -3*j = -9, -g + j + l = -79. What is the tens digit of g?
2
What is the units digit of (23988/21)/((-50)/(-175))?
8
Suppose 3*c = -5*u + 75, -4*u = c - 0*u - 18. Let h be c/(-24) + 2/8. What is the units digit of 0/2 + 8 - h?
9
Let b be -3 + (0 + 0)/1. Let y be 65*(b + (-54)/(-15)). Suppose -5*p + 4*j + y = 0, -5*p + 46 = 4*j + 15. What is the units digit of p?
7
Let p = -92 + 153. Let y = -30 + p. What is the units digit of y?
1
What is the hundreds digit of 754 - (0 - 3/1)?
7
Let v = -683 + 1312. What is the units digit of v?
9
Suppose -3*p - 114 = 3*j, 0 = -2*j - p - 135 + 56. Suppose 0 = 6*y - 5*y + 21. Let t = y - j. What is the tens digit of t?
2
Let w be (-8)/(-6) - 90/(-54). Suppose -w*v = 31 - 106. What is the tens digit of v?
2
Suppose 14*v = -15*v + 13688. What is the hundreds digit of v?
4
What is the units digit of 21098/33 + -1*4/(-6)?
0
Suppose -5245 = -4*x + 4323. What is the tens digit of x?
9
Let u(n) = -n**3 - 27*n**2 - 6*n + 21. What is the thousands digit of u(-29)?
1
Let v(j) = -2*j - 23. Let r be v(-17). Let s(y) = y**3 - 9*y**2 - 10*y - 18. What is the hundreds digit of s(r)?
1
Suppose 4*z + z = -20. Let t be ((-2)/z)/(4/56). Let v(k) = -k**3 + 6*k**2 + 6*k + 9. What is the units digit of v(t)?
2
Let f be 24/10*70/21. Suppose 4*g = -2*m + 34, g + 4*m - 22 = f*m. What is the units digit of g?
0
Let d(h) be the third derivative of -193*h**4/24 + 7*h**3/6 + 27*h**2. What is the tens digit of d(-1)?
0
Let f be (-4)/6 + 69/9. Let s(l) = -6*l - 3. Let b be s(f). What is the units digit of 6/b + 186/45?
4
Suppose -5*r + 0 + 1 = -f, 4*f + 4*r = 68. Let u be (-1)/3 - f/(-6). Suppose -u*v - 2*t = -18, -25 = 6*t - t. What is the units digit of v?
4
What is the units digit of 162 + (3 - 1) - 3?
1
What is the hundreds digit of 31/(-155) + (-45944)/(-20)?
2
Suppose 0 = -4*i + 6*i - 10. Suppose 4*a = 5*o + 48, 0 = -i*o + 2*o. What is the tens digit of (4/a)/((-3)/(-207))?
2
Let c(n) = -1 - 2*n + 7 + 0*n + 4*n. Suppose 0 = -2*w + 2*d + 22, 0 = 5*w + 2*d - 23 - 11. What is the tens digit of c(w)?
2
Suppose -2*m + 3*p + 770 = 0, -2*m - 2*p - 3*p = -738. What is the tens digit of m?
7
Let v(c) = 13*c**2 + 72*c - 5. What is the tens digit of v(8)?
0
Let p = -51 - -65. Suppose p*y = 9*y + 500. What is the hundreds digit of y?
1
Let r be ((-7)/(-4))/(1/4). Suppose r*j - 109 = -11. What is the units digit of j?
4
Let q(k) = k**3 - 3*k**2 + k - 5. Suppose 5*g + 21 = 4*g - 5*h, 0 = -4*g + 4*h + 36. Let v be q(g). Let c(t) = 3*t - 8. What is the units digit of c(v)?
7
Let u = 122 + -79. Let t = u - -9. What is the units digit of t?
2
Suppose -1480 = -8*p + 1528. What is the units digit of p?
6
Let k(f) = 6*f - 6. Let y be k(11). Let a = -5 + y. What is the tens digit of a?
5
Let q(i) = i - 4. Let y be q(5). Let n(s) = -s**3 - 2*s**2 - 5*s - 1. Let w be n(-4). What is the tens digit of (2/6)/(y/w)?
1
Let z(k) = k. Let d be z(10). Let b = d - 6. What is the units digit of (-28 - b)*(-2)/4?
6
Let d be ((-114)/(-18))/((-3)/9). Let j = d - -20. What is the units digit of j?
1
Suppose -5 = -z + 5. Suppose 0 = -9*k + 14*k - z. What is the units digit of k?
2
Let q(o) = -9*o - 10. What is the tens digit of q(-6)?
4
Suppose -2*w + x + 3 = 0, 4*w + 6 - 27 = -x. Suppose -w*n - 162 = -l, 3*n = 3*l - 13 - 437. Let s = l + -80. What is the tens digit of s?
6
Let o(n) = -24*n + 8. Let h be o(-7). Let j be 2/(-1 + 3/2). Suppose d = 5*u - d - h, j*d + 100 = 3*u. What is the tens digit of u?
3
Let m(b) = b + 14. Let a be m(-6). Let g(y) = -4*y**2 - 3*y - y**3 + a - y - 13. What is the tens digit of g(-4)?
1
Let q(y) = -y**3 + 7*y**2 - 10*y + 4. Let i be q(5). Suppose -15 = -i*z + 33. What is the units digit of z?
2
Suppose -5*m - 3555 = -3*g - g, 5*m + 4450 = 5*g. What is the hundreds digit of g?
8
Let p = 1597 + 231. What is the tens digit of p?
2
Let m be -57 + 53 - ((1 - 5) + 0). What is the units digit of 2/((-2)/(-83) + m)?
3
What is the thousands digit of (-6)/8 + 10830/8?
1
Let y(g) = 13*g**2 - 7*g - 3. Let x be y(6). Let p = x + -284. What is the units digit of p?
9
Let g be 4 + -2 + 3 + -3. Let b = g - -6. What is the units digit of (-1 - 36/b)*-8?
4
Suppose 165*v - 158*v = 30128. What is the hundreds digit of v?
3
Let n be 5 + (7 - -2)/(-3). What is the tens digit of (-1417)/(-26) - 3/n?
5
Let n = 20 + -3. Suppose h + 3 = -3*f + n, -4*h + 11 = 3*f. What is the tens digit of (h/(-1))/(2/46)?
2
Let c = 713 + 274. What is the tens digit of c?
8
Let c = -41 + 41. Let k(t) = -t + 41. What is the tens digit of k(c)?
4
Suppose 12*c - 1080 - 168 = 0. Let n = c + -19. What is the units digit of n?
5
Suppose 0 = k + 3. Let x(h) = -51*h - 3. Let z(q) = 51*q + 4. Let v(w) = k*x(w) - 2*z(w). What is the tens digit of v(1)?
5
Let w be 6*(18/(-4) - 0). Let n = 27 + w. Suppose 5*v = -n*v + 305. What is the tens digit of v?
6
Suppose 133 = 18*r - 227. What is the units digit of r?
0
Suppose -4*h + h - 15 = 0. Let i be (6/9)/(2/(-3)). What is the units digit of h/(4/(-3 + i))?
5
Let k(h) = 5*h**2 - 63*h - 66. What is the tens digit of k(24)?
0
Let h be (-6)/(-16) + (-493)/(-136). Suppose -w + 50 = -0*r + r, -4*w = -h*r + 240. What is the units digit of r?
5
Suppose 9*d = 4*d + 25. Suppose 0 = 2*s + 3*m - 6 - 61, d*s - 161 = -m. Suppose -2*l + s = 10. What is the units digit of l?
1
Suppose 3*a + 15 = 0, 0 = 2*s - 3*a + a - 4. Let f be s/4 + 188/16. Suppose -96 = -14*m + f*m. What is the units digit of m?
2
Let t be 22/77 - 141/(-21). Let i(f) = -51*f**3 - 2*f**2 + 1. Let d be i(-1). Let a = d + t. What is the units digit of a?
7
Suppose 31 - 23 = 4*f. What is the hundreds digit of (-1)/f*(2335 - -1)/(-4)?
2
Let k = 412 + 146. What is the tens digit of k?
5
Let z = 200 - -134. What is the units digit of z?
4
Suppose -19 = 4*y + 17. Let l(n) = -n**2 - 10*n - 6. Let r be l(y). Suppose j + 0*j - 130 = -r*h, h - j = 46. What is the units digit of h?
4
Let q(h) = -h**3 - 8*h**2 + 7*h + 3. Let v be q(-10). Suppose -5*s + 4*c = v, 3*c + 0*c = 4*s + 107. Let b = s + 57. What is the tens digit of b?
2
Let q(x) = 26*x + 4. Let z be q(4). Suppose -14*d - z = -15*d. What is the tens digit of d?
0
Suppose -2*x = c - 266, -4*c + 1070 = 2*x - 0*x. Let t = c - 154. What is the hundreds digit of t?
1
Let r(c) = 819*c**2 + 52*c + 102. What is the thousands digit of r(-2)?
3
Suppose -l + 85 = 4*o, -o + 5*l - 6 = -1. What is the units digit of -38*(-6)/o*5?
7
Let n(i) = i**3 + 3*i**2 - i + 1. Let c be n(-3). Let x be -1 + 2 - (c + -5). What is the units digit of -53*x/(-2) - 2?
1
Let p(u) = 13*u**2 - 9*u + 18. What is the hundreds digit of p(8)?
7
Let p = 1168 - -1513. What is the thousands digit of p?
2
Suppose 5*p = 2*p - 6. What is the tens digit of -4 - (1*-82 - p)?
7
Let h(v) = 110*v**3 + v + 1. Let b be h(-1). Let o = -75 - b. What is the units digit of o?
5
Let i be 581/(-3) + 11/(-33) + -4. What is the units digit of (-4)/(-6)*i/(-11)?
2
Suppose 113086 + 213773 = 87*w. What is the hundreds digit of w?
7
Let l = -6 - -103. Suppose 17 + l = k. Suppose -5*q = -5*g - 180, -q - 3*g = 2*q - k. What is the tens digit of q?
3
Let x be ((-3)/(-2))/((-5236)/1312 - -4). Suppose -239 = -4*j + h, -2*j + x - 55 = 3*h. What is the tens digit of j?
5
Suppose -40*t + 57130 = -31990. What is the thousands digit of t?
2
Suppose 9*y = -8*y + 1275. Suppose -21 = 9*a - y. What is the units digit of a?
6
Let k = -302 - -395. What is the units digit of k?
3
Suppose -10*k - 2*k = 1992. Let j = -17 - k. What is the tens digit of j?
4
Let q be 13/6 + 3/(-18). Suppose -g + 899 = 6*x - q